{"id":24,"date":"2019-01-09T23:28:20","date_gmt":"2019-01-09T23:28:20","guid":{"rendered":"http:\/\/starzaki.eu.org\/~yapa-dev\/?page_id=24"},"modified":"2026-03-17T10:05:29","modified_gmt":"2026-03-17T09:05:29","slug":"konkurs","status":"publish","type":"page","link":"https:\/\/yapa.art.pl\/2026\/konkurs\/","title":{"rendered":"Konkurs"},"content":{"rendered":"\n<style type=\"text\/css\" data-created_by=\"avia_inline_auto\" id=\"style-css-av-ooa3-0b028a8cf0bf3698d679aff45eefe1f8\">\n.avia-section.av-ooa3-0b028a8cf0bf3698d679aff45eefe1f8 .av-parallax .av-parallax-inner{\nbackground-repeat:no-repeat;\nbackground-image:url(https:\/\/www.yapa.art.pl\/2026\/wp-content\/uploads\/2019\/01\/Yapa20180310.010512_KUNCEWICZ-JUREK_Krzysztof_DSC_0677.jpg);\nbackground-position:50% 100%;\nbackground-attachment:scroll;\n}\n<\/style>\n<div id='av_section_1'  class='avia-section av-ooa3-0b028a8cf0bf3698d679aff45eefe1f8 main_color avia-section-no-padding avia-no-border-styling  avia-builder-el-0  el_before_av_heading  avia-builder-el-first  avia-full-stretch av-parallax-section avia-bg-style-parallax av-minimum-height av-minimum-height-50 av-height-50  container_wrap fullsize'  data-section-bg-repeat='stretch' data-av_minimum_height_pc='50' data-av_min_height_opt='50'><div class='av-parallax' data-avia-parallax-ratio='0.3' ><div class='av-parallax-inner main_color avia-full-stretch'><\/div><\/div><div class='container av-section-cont-open' ><main  role=\"main\" itemprop=\"mainContentOfPage\"  class='template-page content  av-content-full alpha units'><div class='post-entry post-entry-type-page post-entry-24'><div class='entry-content-wrapper clearfix'><\/div><\/div><\/main><!-- close content main element --><\/div><\/div><div id='after_section_1'  class='main_color av_default_container_wrap container_wrap fullsize'  ><div class='container av-section-cont-open' ><div class='template-page content  av-content-full alpha units'><div class='post-entry post-entry-type-page post-entry-24'><div class='entry-content-wrapper clearfix'>\n\n<style type=\"text\/css\" data-created_by=\"avia_inline_auto\" id=\"style-css-av-11gjw-ef53348153ada30e65994f158d521660\">\n#top .av-special-heading.av-11gjw-ef53348153ada30e65994f158d521660{\npadding-bottom:10px;\n}\nbody .av-special-heading.av-11gjw-ef53348153ada30e65994f158d521660 .av-special-heading-tag .heading-char{\nfont-size:25px;\n}\n.av-special-heading.av-11gjw-ef53348153ada30e65994f158d521660 .av-subheading{\nfont-size:15px;\n}\n<\/style>\n<div  class='av-special-heading av-11gjw-ef53348153ada30e65994f158d521660 av-special-heading-h1  avia-builder-el-1  el_after_av_section  el_before_av_one_full  avia-builder-el-first '><h1 class='av-special-heading-tag '  itemprop=\"headline\"  >Konkurs<\/h1><div class=\"special-heading-border\"><div class=\"special-heading-inner-border\"><\/div><\/div><\/div>\n\n<style type=\"text\/css\" data-created_by=\"avia_inline_auto\" id=\"style-css-av-42q1g-3c39cc28391e7a55222f17faf5c1c7b0\">\n.flex_column.av-42q1g-3c39cc28391e7a55222f17faf5c1c7b0{\nborder-radius:0px 0px 0px 0px;\npadding:0px 0px 0px 0px;\n}\n<\/style>\n<div  class='flex_column av-42q1g-3c39cc28391e7a55222f17faf5c1c7b0 av_one_full  avia-builder-el-2  el_after_av_heading  el_before_av_one_half  first flex_column_div av-zero-column-padding  '     ><p><div  class='avia-buttonrow-wrap av-cd5o-f5bcb12d6b07298abd15596877046b3e avia-buttonrow-center  avia-builder-el-3  el_before_av_textblock  avia-builder-el-first '>\n\n<style type=\"text\/css\" data-created_by=\"avia_inline_auto\" id=\"style-css-av-2m5g4-82a3582914b765c55790c03029498d0b\">\n#top #wrap_all .avia-button.av-2m5g4-82a3582914b765c55790c03029498d0b{\nmargin-bottom:5px;\nmargin-right:3px;\nmargin-left:3px;\n}\n<\/style>\n<a href='http:\/\/www.yapa.art.pl\/2026\/wp-content\/uploads\/2026\/01\/Regulamin-51.pdf'  class='avia-button av-2m5g4-82a3582914b765c55790c03029498d0b avia-icon_select-yes-left-icon avia-size-small avia-color-theme-color'   aria-label=\"Regulamin konkursu - PDF\"><span class='avia_button_icon avia_button_icon_left ' aria-hidden='true' data-av_icon='\ue800' data-av_iconfont='entypo-fontello'><\/span><span class='avia_iconbox_title' >Regulamin konkursu - PDF<\/span><\/a>\n\n<style type=\"text\/css\" data-created_by=\"avia_inline_auto\" id=\"style-css-av-1vaxo-4c3c630bce9e829e45974ab2965b0fa1\">\n#top #wrap_all .avia-button.av-1vaxo-4c3c630bce9e829e45974ab2965b0fa1{\nmargin-bottom:5px;\nmargin-right:3px;\nmargin-left:3px;\n}\n<\/style>\n<a href='\/zgloszenia'  class='avia-button av-1vaxo-4c3c630bce9e829e45974ab2965b0fa1 avia-icon_select-yes-left-icon avia-size-small avia-color-theme-color'  target=\"_blank\"  rel=\"noopener noreferrer\"  aria-label=\"System zg\u0142osze\u0144\"><span class='avia_button_icon avia_button_icon_left ' aria-hidden='true' data-av_icon='\ue835' data-av_iconfont='entypo-fontello'><\/span><span class='avia_iconbox_title' >System zg\u0142osze\u0144<\/span><\/a>\n<\/div><br \/>\n<section  class='av_textblock_section av-mmudzfb3-3cd196214d76fec58fc3365c8c7c8d2a '   itemscope=\"itemscope\" itemtype=\"https:\/\/schema.org\/CreativeWork\" ><div class='avia_textblock'  itemprop=\"text\" ><div>Werdykt Yury 51. Og\u00f3lnopolskiego Studenckiego Przegl\u0105du Piosenki Turystycznej YAPA.<\/div>\n<div>&nbsp;<\/div>\n<div>Yury w sk\u0142adzie:<\/div>\n<div>\u2022 Krzysztof Jurkiewicz &#8211; przewodnicz\u0105cy<\/div>\n<div>\u2022 Katarzyna Tokarska<\/div>\n<div>\u2022 Tomasz Borkowski<\/div>\n<div>\u2022 Marek Sztandera<\/div>\n<div>\u2022 Patrycja Krauzowicz<\/div>\n<div>\u2022 \u0141ukasz Nowak<\/div>\n<div>\u2022 Katarzyna Biesaga<\/div>\n<div>\u2022 Aleksandra Witek<\/div>\n<div>\u2022 Daria Kaczmarek<\/div>\n<div>&nbsp;<\/div>\n<div>po kr\u00f3tkich i zgodnych obradach, zauwa\u017cy\u0142o i pragnie podkre\u015bli\u0107 bardzo wyr\u00f3wnany poziom konkursu. Po rzeczowej dyskusji, analizach i interpretacjach, wymianie pogl\u0105d\u00f3w i \u017carcik\u00f3w, Yury postanowi\u0142o przyzna\u0107:<\/div>\n<div>&#8211; dwa wyr\u00f3\u017cnienia zespo\u0142om: Druga Wachta oraz Bartek Kazimierczak &amp; Pawe\u0142 Pikus<\/div>\n<div>&#8211; trzecie miejsce Karolinie Lizer.<\/div>\n<div>&#8211; drugie miejsce ex aequo Maciejowi Cantonowi Piotrowskiemu i Tosi Witkosz.<\/div>\n<div>&#8211; pierwsze miejsce zespo\u0142owi BABY!<\/div>\n<div>&nbsp;<\/div>\n<div>Nagrod\u0119 imienia Andrzeja Koczewskiego otrzymuje Bartek Kazimierczak &amp; Pawe\u0142 Pikus.<\/div>\n<div>Kapitu\u0142a nagrody imienia Ma\u0142gosi Zwierzchowskiej przyzna\u0142a nagrod\u0119 Tosi Witkosz.<\/div>\n<div>Nagrod\u0119 Publiczno\u015bci Festiwalu YAPA otrzymuje zesp\u00f3\u0142 HamaK.<\/div>\n<div>&nbsp;<\/div>\n<div>Nagrod\u0119 Studenckiego Klubu Turystycznego P\u0141azik otrzymuje zesp\u00f3\u0142 HamaK.<\/div>\n<div>Nagrod\u0119 SKPB, w postaci zaproszenia na TKM \u015apiewanki Muszyna Z\u0142ockie oraz dw\u00f3ch tygodniowych pobyt\u00f3w na naszych bazach namiotowych w Muszynie i Jaworkach, za perfekcyjne i bezkompromisowe odzwierciedlenie reali\u00f3w rozwi\u0105zywania najbardziej przyziemnych problem\u00f3w w zimowych warunkach terenowych oraz za artystyczn\u0105 odwag\u0119, dzi\u0119ki kt\u00f3rej poprzeczka festiwalowej szczero\u015bci zosta\u0142a zawieszona wy\u017cej ni\u017c kiedykolwiek wcze\u015bniej \u2013 otrzymuje Maciej Canton Piotrowski. Niech duch g\u00f3rskiej prawdy i poczucie humoru, prowadz\u0105 nas dalej ni\u017c tylko w styczniowy poranek.<\/div>\n<div>Nagrod\u0119 Yapowego Serwisu otrzymuje zesp\u00f3\u0142 \u0141adne Piosenki.<\/div>\n<div>\n<div>Nagrod\u0119 Studenckiego Radia \u017bak Politechniki \u0141\u00f3dzkiej Bia\u0142ego Stefana otrzymuje zesp\u00f3\u0142 BABY!<\/div>\n<div>&nbsp;<\/div>\n<\/div>\n<div>Nominacje i zaproszenia.<\/div>\n<div>Zaproszenie na 59 Gie\u0142d\u0119 Piosenki Studenckiej w Szklarskiej Por\u0119bie otrzymuj\u0105 Tosia Witkosz, Maciej Canton Piotrowski oraz CA\u0141A YAPOWA PUBLICZNO\u015a\u0106.<\/div>\n<div>Nominacj\u0119 na Studencki Festiwal Piosenki w Krakowie otrzymuje Tosia Witkosz.<\/div>\n<div>Nominacj\u0119 na 54. Og\u00f3lnopolski Turystyczny Przegl\u0105d Piosenki Studenckiej BAZUNA 2026 otrzymuj\u0105 Bartek Kazimierczak &amp; Pawe\u0142 Pikus oraz Maciej Canton Piotrowski.<\/div>\n<div>Zaproszenie na Turystyczny Przegl\u0105d Piosenki Studenckiej Danielka 2026 otrzymuje zesp\u00f3\u0142 BABY!<\/div>\n<div>Zaproszenie na koncert w Studiu na Stawach otrzymuje zesp\u00f3\u0142 BABY!<\/div>\n<div>Zaproszenie na 40 jubileuszowa epidemi\u0119 piosenki turystycznej Bakcynalia 2026: Karolina Lizer oraz Wbrew Pozorom.<\/div>\n<\/div><\/section><br \/>\n<section  class='av_textblock_section av-1nyco-2032aaf36dc591fb094f896301536acb '   itemscope=\"itemscope\" itemtype=\"https:\/\/schema.org\/CreativeWork\" ><div class='avia_textblock'  itemprop=\"text\" ><p><strong>Wyniki przes\u0142ucha\u0144 kwalifikacyjnych:<\/strong><\/p>\n<p>Komisja kwalifikacyjna 51 Og\u00f3lnopolskiego Studenckiego Przegl\u0105du Piosenki Turystycznej YAPA 2026 w sk\u0142adzie:<\/p>\n<ul>\n<li>Julia Jak\u00f3bczak<\/li>\n<li>Agata \u015awierczy\u0144ska<\/li>\n<li>Aleksandra Witek<\/li>\n<li>Daria Kaczmarek<\/li>\n<li>Marek Sztandera<\/li>\n<li>Micha\u0142 Paj\u0105k<\/li>\n<li>Zofia Pochylska<\/li>\n<li>Maja G\u00f3rska<\/li>\n<li>Maciek Mamulski<\/li>\n<\/ul>\n<p>po przes\u0142uchaniu 49 zg\u0142osze\u0144 konkursowych postanowi\u0142a zaprosi\u0107 do udzia\u0142u w konkursie 51 OSPPT YAPA 2026 nast\u0119puj\u0105ce zespo\u0142y:<\/p>\n<ol>\n<li>Anna Celeba\u0144ska<\/li>\n<\/ol>\n<ul>\n<li>W si\u00f3dmym niebie<\/li>\n<li>Dom<\/li>\n<\/ul>\n<ol start=\"2\">\n<li>BABY!<\/li>\n<\/ol>\n<ul>\n<li>B\u0119d\u0119<\/li>\n<li>Doskonale<\/li>\n<\/ul>\n<ol start=\"3\">\n<li>Bartek Kazimierczak &amp; Pawe\u0142 Pikus<\/li>\n<\/ol>\n<ul>\n<li>Wr\u00f3ci\u0142em do domu<\/li>\n<li>Jesienna ucieczka z miasteczka M.<\/li>\n<\/ul>\n<ol start=\"4\">\n<li>Druga Wachta<\/li>\n<\/ol>\n<ul>\n<li>Dziewczyna w bia\u0142ej sukni<\/li>\n<li>Ballada o zakochanym piracie<\/li>\n<\/ul>\n<ol start=\"5\">\n<li>DTKF Shanty<\/li>\n<\/ol>\n<ul>\n<li>Podroby w sosie w\u0142asnym<\/li>\n<li>Pola Athenry<\/li>\n<\/ul>\n<ol start=\"6\">\n<li>Grupa ELORE<\/li>\n<\/ol>\n<ul>\n<li>Dom wariat\u00f3w<\/li>\n<li>Chc\u0119 uprawia\u0107 jab\u0142ka<\/li>\n<\/ul>\n<ol start=\"7\">\n<li>HamaK<\/li>\n<\/ol>\n<ul>\n<li>Tak naprawd\u0119<\/li>\n<li>B\u0105d\u017a Moim S\u0142o\u0144cem<\/li>\n<\/ul>\n<ol start=\"8\">\n<li>Kapela Spod Rubani<\/li>\n<\/ol>\n<ul>\n<li>Od Po\u0142onin<\/li>\n<li>Kuleczka<\/li>\n<\/ul>\n<ol start=\"9\">\n<li>Karolina Lizer<\/li>\n<\/ol>\n<ul>\n<li>Ca\u0142uj mnie w nos<\/li>\n<li>Ta dziewczyna<\/li>\n<\/ul>\n<ol start=\"10\">\n<li>Po s\u0142owie<\/li>\n<\/ol>\n<ul>\n<li>Moje warkocze<\/li>\n<li>Dwug\u0142os<\/li>\n<\/ul>\n<ol start=\"11\">\n<li>\u0141adne Piosenki<\/li>\n<\/ol>\n<ul>\n<li>Cierpi\u0119 na mi\u0142o\u015b\u0107<\/li>\n<li>Ko\u0142ysanka na potem<\/li>\n<\/ul>\n<ol start=\"12\">\n<li>Maciej Canton Piotrowski<\/li>\n<\/ol>\n<ul>\n<li>Serce w \u015bniegu<\/li>\n<li>Ona ma ajfona<\/li>\n<\/ul>\n<ol start=\"13\">\n<li>NAGLE<\/li>\n<\/ol>\n<ul>\n<li>Historia kanoniera<\/li>\n<li>Biegn\u0105ca po falach<\/li>\n<\/ul>\n<ol start=\"14\">\n<li>SuP\u0141y<\/li>\n<\/ol>\n<ul>\n<li>Irlandzki Pub<\/li>\n<li>Armada<\/li>\n<\/ul>\n<ol start=\"15\">\n<li>Ta Jedna Chwila<\/li>\n<\/ol>\n<ul>\n<li>Drobne<\/li>\n<li>Dobra noc<\/li>\n<\/ul>\n<ol start=\"16\">\n<li>The Late Bloomers Project<\/li>\n<\/ol>\n<ul>\n<li>Offline<\/li>\n<li>Zajdziesz dalej<\/li>\n<\/ul>\n<ol start=\"17\">\n<li>Tosia Witkosz<\/li>\n<\/ol>\n<ul>\n<li>Gard\u0142o b\u0119dzie zdrowsze<\/li>\n<li>Hiena<\/li>\n<\/ul>\n<ol start=\"18\">\n<li>Wbrew Pozorom<\/li>\n<\/ol>\n<ul>\n<li>Brzeg<\/li>\n<li>Choroba L\u0105dowa<\/li>\n<\/ul>\n<ol start=\"19\">\n<li>Wci\u00f3rno\u015bci<\/li>\n<\/ol>\n<ul>\n<li>Spod\u0142\u00f3\u017cka<\/li>\n<li>Ma\u0142e Plemie<\/li>\n<\/ul>\n<ol start=\"20\">\n<li>Zrefowani<\/li>\n<\/ol>\n<ul>\n<li>Szlakiem Gwiazd<\/li>\n<li>Pod pe\u0142nymi \u017caglami<\/li>\n<\/ul>\n<\/div><\/section><br \/>\n<section  class='av_textblock_section av-t3xo-0468ba3b3663ca37b7549b67c542e30e '   itemscope=\"itemscope\" itemtype=\"https:\/\/schema.org\/CreativeWork\" ><div class='avia_textblock'  itemprop=\"text\" ><p>Zg\u0142oszenie do konkursu b\u0119dziemy przyjmowa\u0107 od 1 lutego.<\/p>\n<p>Zg\u0142oszenia powinny zawiera\u0107:<\/p>\n<p>&#8211; nagranie w formacie mp3 (2 lub 3 piosenki o dowolnej tematyce, dowolnego autorstwa &#8211; mile widziana tematyka turystyczna i tw\u00f3rczo\u015b\u0107 w\u0142asna).<\/p>\n<p>&#8211; autor\u00f3w tekstu i muzyki. teksty piosenek wraz z chwytami na gitar\u0119, sk\u0142ad imienny grupy, adres, telefon, email.<\/p>\n<p>Zg\u0142oszenia nale\u017cy przes\u0142a\u0107 mi\u0119dzy 1 i 25 lutego za po\u015brednictwem systemu dost\u0119pnego pod adresem <a href=\"https:\/\/www.yapa.art.pl\/zgloszenia\">https:\/\/www.yapa.art.pl\/zgloszenia<\/a><\/p>\n<p>Zalecamy przej\u015bcie przez ten proces krok po kroku z <a href=\"https:\/\/docs.google.com\/document\/d\/1uDv1Mq8UnN6HuYHH3boAxxDIqXULEdTS-HwQx1cNkDQ\/edit?usp=sharing\" target=\"_blank\" rel=\"noopener\">TUTORIALEM<\/a> pod r\u0119k\u0105.<\/p>\n<p>W koncercie konkursowym wyst\u0105pi\u0105 wykonawcy zakwalifikowani po przes\u0142uchaniach kwalifikacyjnych oraz wykonawcy, kt\u00f3rzy uzyskali nominacje na innych przegl\u0105dach piosenki turystycznej. Wykonawcy z nominacjami z innych przegl\u0105d\u00f3w r\u00f3wnie\u017c powinni przes\u0142a\u0107 do 25 lutego zg\u0142oszenie, zawieraj\u0105ce informacje informacje o zespole, rajder techniczny, tytu\u0142y i teksty 2 piosenek, kt\u00f3re b\u0119d\u0105 zaprezentowane w konkursie, zg\u0142oszenie mo\u017ce nie zawiera\u0107 nagra\u0144.<\/p>\n<p>Wyniki kwalifikacji b\u0119d\u0105 znane 2 marca i zostan\u0105 udost\u0119pnione do wgl\u0105du na stronie <a href=\"http:\/\/www.yapa.art.pl\/\">www.yapa.art.pl<\/a><\/p>\n<p>Wykonawcy zakwalifikowani do konkursu b\u0119d\u0105 mieli mo\u017cliwo\u015b\u0107 skorzystania z perkusji oraz pianina, prosimy nie zabiera\u0107 swoich (jedynie blachy i werbel).<\/p>\n<p>Informacje na temat regulaminu mo\u017cna uzyska\u0107 kieruj\u0105c zapytania na adres: <a href=\"mailto:zgloszenia@yapa.art.pl\">zgloszenia@yapa.art.pl<\/a>. Tam te\u017c prosimy przekazywa\u0107 uwagi zwi\u0105zane z dzia\u0142aniem systemu przyjmowania zg\u0142osze\u0144 do konkursu.<\/p>\n<\/div><\/section><br \/>\n<section  class='av_textblock_section av-15xz0-41c5e253ee622e41bf24e56a27a3ee5f '   itemscope=\"itemscope\" itemtype=\"https:\/\/schema.org\/CreativeWork\" ><div class='avia_textblock'  itemprop=\"text\" ><\/div><\/section><\/p><\/div>\n<style type=\"text\/css\" data-created_by=\"avia_inline_auto\" id=\"style-css-av-26rfo-66bac0da97aae12579d902f2ec800dd8\">\n.flex_column.av-26rfo-66bac0da97aae12579d902f2ec800dd8{\nborder-radius:0px 0px 0px 0px;\npadding:0px 0px 0px 0px;\n}\n<\/style>\n<div  class='flex_column av-26rfo-66bac0da97aae12579d902f2ec800dd8 av_one_half  avia-builder-el-8  el_after_av_one_full  el_before_av_one_half  first flex_column_div av-zero-column-padding  column-top-margin'     ><section  class='av_textblock_section av-jr5g91ic-9b27f3c53a2bc9d8d633eb86c5297b54 '   itemscope=\"itemscope\" itemtype=\"https:\/\/schema.org\/CreativeWork\" ><div class='avia_textblock'  itemprop=\"text\" ><\/div><\/section><\/div><\/p>\n\n<style type=\"text\/css\" data-created_by=\"avia_inline_auto\" id=\"style-css-av-1lf84-204ce5971dcef9ed76b0e091749fee10\">\n.flex_column.av-1lf84-204ce5971dcef9ed76b0e091749fee10{\nborder-radius:0px 0px 0px 0px;\npadding:0px 0px 0px 0px;\n}\n<\/style>\n<div  class='flex_column av-1lf84-204ce5971dcef9ed76b0e091749fee10 av_one_half  avia-builder-el-10  el_after_av_one_half  el_before_av_one_full  flex_column_div av-zero-column-padding  column-top-margin'     ><section  class='av_textblock_section av-jr5gfsou-a0fc0faa47c903e3dbaaa9c887ff8418 '   itemscope=\"itemscope\" itemtype=\"https:\/\/schema.org\/CreativeWork\" ><div class='avia_textblock'  itemprop=\"text\" ><\/div><\/section><\/div>\n\n<style type=\"text\/css\" data-created_by=\"avia_inline_auto\" id=\"style-css-av-ynbg-a9ecff118f2e87430c61bcf7d1a21ff6\">\n.flex_column.av-ynbg-a9ecff118f2e87430c61bcf7d1a21ff6{\nborder-radius:0px 0px 0px 0px;\npadding:0px 0px 0px 0px;\n}\n<\/style>\n<div  class='flex_column av-ynbg-a9ecff118f2e87430c61bcf7d1a21ff6 av_one_full  avia-builder-el-12  el_after_av_one_half  el_before_av_one_full  first flex_column_div av-zero-column-padding  column-top-margin'     ><section  class='av_textblock_section av-jr656d6k-62bd1b20553183cbd47d9c5ce5b3497f '   itemscope=\"itemscope\" itemtype=\"https:\/\/schema.org\/CreativeWork\" ><div class='avia_textblock'  itemprop=\"text\" ><h5 style=\"text-align: center;\"><span style=\"color: #ffffff;\">Wszelkie pytania prosimy kierowa\u0107 na adres<\/span><strong> <a href=\"mailto:zgloszenia@yapa.art.pl\">zgloszenia@yapa.art.pl<\/a><\/strong><\/h5>\n<\/div><\/section><\/div>\n\n<style type=\"text\/css\" data-created_by=\"avia_inline_auto\" id=\"style-css-av-va6c-867a4ab815c196c4658367b85fd05d31\">\n.flex_column.av-va6c-867a4ab815c196c4658367b85fd05d31{\nborder-radius:0px 0px 0px 0px;\npadding:0px 0px 0px 0px;\n}\n<\/style>\n<div  class='flex_column av-va6c-867a4ab815c196c4658367b85fd05d31 av_one_full  avia-builder-el-14  el_after_av_one_full  avia-builder-el-last  first flex_column_div av-zero-column-padding  column-top-margin'     ><div  class='av-social-sharing-box av-jr5evg1m-7c2795646d9bb3c127ef5995645f8fac av-social-sharing-box-default  avia-builder-el-15  avia-builder-el-no-sibling  av-social-sharing-box-fullwidth'><div class=\"av-share-box\"><ul class=\"av-share-box-list noLightbox\"><li class='av-share-link av-social-link-facebook' ><a target=\"_blank\" aria-label=\"Udost\u0119pnij Facebook\" href='https:\/\/www.facebook.com\/sharer.php?u=https:\/\/yapa.art.pl\/2026\/konkurs\/&#038;t=Konkurs' aria-hidden='false' data-av_icon='\ue8f3' data-av_iconfont='entypo-fontello' title='' data-avia-related-tooltip='Udost\u0119pnij Facebook'><span class='avia_hidden_link_text'>Udost\u0119pnij Facebook<\/span><\/a><\/li><li class='av-share-link av-social-link-twitter' ><a target=\"_blank\" aria-label=\"Udost\u0119pnij X\" href='https:\/\/twitter.com\/share?text=Konkurs&#038;url=https:\/\/yapa.art.pl\/2026\/?p=24' aria-hidden='false' data-av_icon='\ue932' data-av_iconfont='entypo-fontello' title='' data-avia-related-tooltip='Udost\u0119pnij X'><span class='avia_hidden_link_text'>Udost\u0119pnij X<\/span><\/a><\/li><li class='av-share-link av-social-link-pinterest' ><a target=\"_blank\" aria-label=\"Udost\u0119pnij Pinterest\" href='https:\/\/pinterest.com\/pin\/create\/button\/?url=https%3A%2F%2Fyapa.art.pl%2F2026%2Fkonkurs%2F&#038;description=Konkurs&#038;media=https%3A%2F%2Fwww.yapa.art.pl%2F2026%2Fwp-content%2Fuploads%2F2019%2F01%2Fsuzia-1024x683-705x470.jpg' aria-hidden='false' data-av_icon='\ue8f8' data-av_iconfont='entypo-fontello' title='' data-avia-related-tooltip='Udost\u0119pnij Pinterest'><span class='avia_hidden_link_text'>Udost\u0119pnij Pinterest<\/span><\/a><\/li><li class='av-share-link av-social-link-vk' ><a target=\"_blank\" aria-label=\"Udost\u0119pnij Vk\" href='https:\/\/vk.com\/share.php?url=https:\/\/yapa.art.pl\/2026\/konkurs\/' aria-hidden='false' data-av_icon='\ue926' data-av_iconfont='entypo-fontello' title='' data-avia-related-tooltip='Udost\u0119pnij Vk'><span class='avia_hidden_link_text'>Udost\u0119pnij Vk<\/span><\/a><\/li><li class='av-share-link av-social-link-mail' ><a  aria-label=\"Wy\u015blij e-mail\" href='mailto:?subject=Konkurs&#038;body=https:\/\/yapa.art.pl\/2026\/konkurs\/' aria-hidden='false' data-av_icon='\ue805' data-av_iconfont='entypo-fontello' title='' data-avia-related-tooltip='Wy\u015blij e-mail'><span class='avia_hidden_link_text'>Wy\u015blij e-mail<\/span><\/a><\/li><\/ul><\/div><\/div><\/div>\n","protected":false},"excerpt":{"rendered":"","protected":false},"author":1,"featured_media":261,"parent":0,"menu_order":0,"comment_status":"closed","ping_status":"closed","template":"","meta":{"footnotes":""},"class_list":["post-24","page","type-page","status-publish","has-post-thumbnail","hentry"],"_links":{"self":[{"href":"https:\/\/yapa.art.pl\/2026\/wp-json\/wp\/v2\/pages\/24","targetHints":{"allow":["GET"]}}],"collection":[{"href":"https:\/\/yapa.art.pl\/2026\/wp-json\/wp\/v2\/pages"}],"about":[{"href":"https:\/\/yapa.art.pl\/2026\/wp-json\/wp\/v2\/types\/page"}],"author":[{"embeddable":true,"href":"https:\/\/yapa.art.pl\/2026\/wp-json\/wp\/v2\/users\/1"}],"replies":[{"embeddable":true,"href":"https:\/\/yapa.art.pl\/2026\/wp-json\/wp\/v2\/comments?post=24"}],"version-history":[{"count":167,"href":"https:\/\/yapa.art.pl\/2026\/wp-json\/wp\/v2\/pages\/24\/revisions"}],"predecessor-version":[{"id":6278,"href":"https:\/\/yapa.art.pl\/2026\/wp-json\/wp\/v2\/pages\/24\/revisions\/6278"}],"wp:featuredmedia":[{"embeddable":true,"href":"https:\/\/yapa.art.pl\/2026\/wp-json\/wp\/v2\/media\/261"}],"wp:attachment":[{"href":"https:\/\/yapa.art.pl\/2026\/wp-json\/wp\/v2\/media?parent=24"}],"curies":[{"name":"wp","href":"https:\/\/api.w.org\/{rel}","templated":true}]}}