{"id":4623,"date":"2024-02-22T16:10:32","date_gmt":"2024-02-22T15:10:32","guid":{"rendered":"http:\/\/yapa.art.pl\/2024\/?page_id=4623"},"modified":"2026-01-10T16:00:59","modified_gmt":"2026-01-10T15:00:59","slug":"noclegi-2","status":"publish","type":"page","link":"https:\/\/yapa.art.pl\/2026\/noclegi-2\/","title":{"rendered":"Noclegi"},"content":{"rendered":"<div dir=\"auto\"><span class=\"html-span xexx8yu xyri2b x18d9i69 x1c1uobl x1hl2dhg x16tdsg8 x1vvkbs x3nfvp2 x1j61x8r x1fcty0u xdj266r xat24cr xm2jcoa x1mpyi22 xxymvpz xlup9mm x1kky2od\"><img loading=\"lazy\" decoding=\"async\" class=\"xz74otr x15mokao x1ga7v0g x16uus16 xbiv7yw\" src=\"https:\/\/static.xx.fbcdn.net\/images\/emoji.php\/v9\/t1f\/1\/16\/1f3b6.png\" alt=\"&#x1f3b6;\" width=\"16\" height=\"16\" \/><\/span> je\u015bli planujesz przyjazd na Yap\u0119, ale nie masz gdzie przenocowa\u0107, to \u017caden problem <span class=\"html-span xexx8yu xyri2b x18d9i69 x1c1uobl x1hl2dhg x16tdsg8 x1vvkbs x3nfvp2 x1j61x8r x1fcty0u xdj266r xat24cr xm2jcoa x1mpyi22 xxymvpz xlup9mm x1kky2od\"><img loading=\"lazy\" decoding=\"async\" class=\"xz74otr x15mokao x1ga7v0g x16uus16 xbiv7yw\" src=\"https:\/\/static.xx.fbcdn.net\/images\/emoji.php\/v9\/t4c\/1\/16\/1f642.png\" alt=\"&#x1f642;\" width=\"16\" height=\"16\" \/><\/span><\/div>\n<div dir=\"auto\">Organizatorzy oferuj\u0105 noclegi w warunkach turystycznych, w sali gimnastycznej w jednej z \u0142\u00f3dzkich szk\u00f3\u0142, niedaleko koncert\u00f3w<span class=\"html-span xexx8yu xyri2b x18d9i69 x1c1uobl x1hl2dhg x16tdsg8 x1vvkbs x3nfvp2 x1j61x8r x1fcty0u xdj266r xat24cr xm2jcoa x1mpyi22 xxymvpz xlup9mm x1kky2od\"><img loading=\"lazy\" decoding=\"async\" class=\"xz74otr x15mokao x1ga7v0g x16uus16 xbiv7yw\" src=\"https:\/\/static.xx.fbcdn.net\/images\/emoji.php\/v9\/t21\/1\/16\/1f3b8.png\" alt=\"&#x1f3b8;\" width=\"16\" height=\"16\" \/><\/span> Wystarczy zabra\u0107 ze sob\u0105 karimat\u0119 i \u015bpiw\u00f3r. \u017beby zarezerwowa\u0107 nocleg wy\u015blij wiadomo\u015b\u0107 na noclegi@yapa.art.pl podaj\u0105c swoje imi\u0119, nazwisko, adres i numer telefonu oraz napisz kiedy planujesz przyjecha\u0107 i poczekaj na odpowied\u017a z potwierdzeniem.<\/div>\n<div dir=\"auto\">W dniu rozpocz\u0119cia Yapy b\u0119dzie mo\u017cna zg\u0142osi\u0107 si\u0119 do biura Nocleg\u00f3w i odebra\u0107 karty noclegowe.<\/div>\n<div dir=\"auto\">Pami\u0119taj, \u017ce aby odebra\u0107 karty noclegowe musisz posiada\u0107 karnet na Yap\u0119! A ich sprzeda\u017c ruszy niebawem.<\/div>\n<div dir=\"auto\">B\u0105d\u017acie czujni i niech Wam si\u0119 przy\u015bni drzewo wi\u015bni <span class=\"html-span xexx8yu xyri2b x18d9i69 x1c1uobl x1hl2dhg x16tdsg8 x1vvkbs x3nfvp2 x1j61x8r x1fcty0u xdj266r xat24cr xm2jcoa x1mpyi22 xxymvpz xlup9mm x1kky2od\"><img loading=\"lazy\" decoding=\"async\" class=\"xz74otr x15mokao x1ga7v0g x16uus16 xbiv7yw\" src=\"https:\/\/static.xx.fbcdn.net\/images\/emoji.php\/v9\/t4c\/1\/16\/1f642.png\" alt=\"&#x1f642;\" width=\"16\" height=\"16\" \/><\/span><\/div>\n<div dir=\"auto\"><span class=\"html-span xexx8yu xyri2b x18d9i69 x1c1uobl x1hl2dhg x16tdsg8 x1vvkbs x3nfvp2 x1j61x8r x1fcty0u xdj266r xat24cr xm2jcoa x1mpyi22 xxymvpz xlup9mm x1kky2od\"><img loading=\"lazy\" decoding=\"async\" class=\"xz74otr x15mokao x1ga7v0g x16uus16 xbiv7yw\" src=\"https:\/\/static.xx.fbcdn.net\/images\/emoji.php\/v9\/t49\/1\/16\/1f320.png\" alt=\"&#x1f320;\" width=\"16\" height=\"16\" \/><\/span><span class=\"html-span xexx8yu xyri2b x18d9i69 x1c1uobl x1hl2dhg x16tdsg8 x1vvkbs x3nfvp2 x1j61x8r x1fcty0u xdj266r xat24cr xm2jcoa x1mpyi22 xxymvpz xlup9mm x1kky2od\"><img loading=\"lazy\" decoding=\"async\" class=\"xz74otr x15mokao x1ga7v0g x16uus16 xbiv7yw\" src=\"https:\/\/static.xx.fbcdn.net\/images\/emoji.php\/v9\/t49\/1\/16\/1f320.png\" alt=\"&#x1f320;\" width=\"16\" height=\"16\" \/><\/span><span class=\"html-span xexx8yu xyri2b x18d9i69 x1c1uobl x1hl2dhg x16tdsg8 x1vvkbs x3nfvp2 x1j61x8r x1fcty0u xdj266r xat24cr xm2jcoa x1mpyi22 xxymvpz xlup9mm x1kky2od\"><img loading=\"lazy\" decoding=\"async\" class=\"xz74otr x15mokao x1ga7v0g x16uus16 xbiv7yw\" src=\"https:\/\/static.xx.fbcdn.net\/images\/emoji.php\/v9\/t49\/1\/16\/1f320.png\" alt=\"&#x1f320;\" width=\"16\" height=\"16\" \/><\/span><\/div>\n<div dir=\"auto\">Kontakt w sprawie nocleg\u00f3w &#8211; Jarek Morawiec 608 616 401, noclegi@yapa.art.pl<\/div>\n<div class='avia-iframe-wrap'><iframe loading=\"lazy\" title=\"Grupa Caraboo - Dobranoc @ YAPA 2012\" width=\"1500\" height=\"844\" src=\"https:\/\/www.youtube.com\/embed\/4_3tgFIiV20?feature=oembed\" frameborder=\"0\" allow=\"accelerometer; autoplay; clipboard-write; encrypted-media; gyroscope; picture-in-picture; web-share\" referrerpolicy=\"strict-origin-when-cross-origin\" allowfullscreen><\/iframe><\/div>\n","protected":false},"excerpt":{"rendered":"<p>je\u015bli planujesz przyjazd na Yap\u0119, ale nie masz gdzie przenocowa\u0107, to \u017caden problem Organizatorzy oferuj\u0105 noclegi w warunkach turystycznych, w sali gimnastycznej w jednej z \u0142\u00f3dzkich szk\u00f3\u0142, niedaleko koncert\u00f3w Wystarczy zabra\u0107 ze sob\u0105 karimat\u0119 i \u015bpiw\u00f3r. \u017beby zarezerwowa\u0107 nocleg wy\u015blij wiadomo\u015b\u0107 na noclegi@yapa.art.pl podaj\u0105c swoje imi\u0119, nazwisko, adres i numer telefonu oraz napisz kiedy planujesz [&hellip;]<\/p>\n","protected":false},"author":3,"featured_media":0,"parent":0,"menu_order":0,"comment_status":"closed","ping_status":"closed","template":"","meta":{"footnotes":""},"class_list":["post-4623","page","type-page","status-publish","hentry"],"_links":{"self":[{"href":"https:\/\/yapa.art.pl\/2026\/wp-json\/wp\/v2\/pages\/4623","targetHints":{"allow":["GET"]}}],"collection":[{"href":"https:\/\/yapa.art.pl\/2026\/wp-json\/wp\/v2\/pages"}],"about":[{"href":"https:\/\/yapa.art.pl\/2026\/wp-json\/wp\/v2\/types\/page"}],"author":[{"embeddable":true,"href":"https:\/\/yapa.art.pl\/2026\/wp-json\/wp\/v2\/users\/3"}],"replies":[{"embeddable":true,"href":"https:\/\/yapa.art.pl\/2026\/wp-json\/wp\/v2\/comments?post=4623"}],"version-history":[{"count":9,"href":"https:\/\/yapa.art.pl\/2026\/wp-json\/wp\/v2\/pages\/4623\/revisions"}],"predecessor-version":[{"id":6210,"href":"https:\/\/yapa.art.pl\/2026\/wp-json\/wp\/v2\/pages\/4623\/revisions\/6210"}],"wp:attachment":[{"href":"https:\/\/yapa.art.pl\/2026\/wp-json\/wp\/v2\/media?parent=4623"}],"curies":[{"name":"wp","href":"https:\/\/api.w.org\/{rel}","templated":true}]}}